86797?
23, 15773339
List the prime factors of 2067506632.
2, 258438329
List the prime factors of 142670552.
2, 197, 90527
List the prime factors of 57389362.
2, 151, 190031
What are the prime factors of 122312022?
2, 3, 7, 23, 53, 2389
List the prime factors of 8010193.
211, 37963
List the prime factors of 125701911.
3, 13966879
List the prime factors of 1859001808.
2, 647, 179579
List the prime factors of 263572429.
449, 587021
What are the prime factors of 54720408?
2, 3, 47, 139, 349
What are the prime factors of 224175055?
5, 13, 101, 34147
What are the prime factors of 167335726?
2, 17, 331, 14869
What are the prime factors of 35564636?
2, 487, 18257
List the prime factors of 582269678.
2, 291134839
List the prime factors of 622351511.
139, 4477349
What are the prime factors of 82798597?
7, 23, 514277
List the prime factors of 206609115.
3, 5, 23, 598867
List the prime factors of 3346141390.
2, 5, 127, 211, 12487
List the prime factors of 2021922818.
2, 1010961409
List the prime factors of 75269987.
13, 5789999
What are the prime factors of 242816190?
2, 3, 5, 8093873
What are the prime factors of 785824330?
2, 5, 78582433
What are the prime factors of 53200425?
3, 5, 181, 3919
What are the prime factors of 172525942?
2, 181, 476591
List the prime factors of 306284157.
3, 131, 259783
What are the prime factors of 157220024?
2, 13, 103, 1129
What are the prime factors of 5033674868?
2, 22741, 55337
List the prime factors of 912354212.
2, 7, 11, 1039, 2851
What are the prime factors of 19980332?
2, 4995083
What are the prime factors of 124362089?
17, 7315417
What are the prime factors of 72416801?
47, 1540783
What are the prime factors of 224796369?
3, 7, 218461
List the prime factors of 681827155.
5, 83, 109, 15073
What are the prime factors of 2680509166?
2, 733, 1828451
What are the prime factors of 771713394?
2, 3, 163, 313, 2521
List the prime factors of 100035318.
2, 3, 479, 34807
What are the prime factors of 4469190?
2, 3, 5, 11, 29, 467
What are the prime factors of 3245864538?
2, 3, 7, 283, 273083
What are the prime factors of 1207617355?
5, 7, 17, 211, 9619
What are the prime factors of 59206746?
2, 3, 47, 209953
List the prime factors of 27979654.
2, 17, 53, 15527
List the prime factors of 51581243.
7, 53, 139033
List the prime factors of 172981940.
2, 5, 67, 167, 773
List the prime factors of 451867061.
3671, 123091
List the prime factors of 122432298.
2, 3, 20405383
List the prime factors of 3335289532.
2, 1151, 724433
List the prime factors of 608389713.
3, 109, 349, 1777
What are the prime factors of 393506006?
2, 196753003
What are the prime factors of 651320911?
337, 1932703
What are the prime factors of 823919708?
2, 23, 599, 14951
List the prime factors of 6183655.
5, 661, 1871
List the prime factors of 113497612.
2, 28374403
List the prime factors of 369640055.
5, 827, 89393
What are the prime factors of 1248374?
2, 443, 1409
List the prime factors of 103365605.
5, 7, 19, 37, 4201
What are the prime factors of 75115939?
75115939
List the prime factors of 884354478.
2, 3, 7, 29, 726071
List the prime factors of 205212624.
2, 3, 23, 151, 1231
List the prime factors of 43349325.
3, 5, 179, 3229
What are the prime factors of 318171570?
2, 3, 5, 10605719
What are the prime factors of 1908919360?
2, 5, 19, 61, 5147
What are the prime factors of 4109441945?
5, 7, 47, 89, 28069
What are the prime factors of 7460011052?
2, 13, 143461751
List the prime factors of 713438169.
3, 3079, 77237
What are the prime factors of 27134724?
2, 3, 2261227
List the prime factors of 473030014.
2, 43, 313, 17573
List the prime factors of 2246877108.
2, 3, 7, 43, 101, 2053
List the prime factors of 572176407.
3, 11, 17338679
What are the prime factors of 94349995?
5, 1231, 15329
What are the prime factors of 53906128?
2, 29, 116177
What are the prime factors of 54878556?
2, 3, 29, 31, 5087
What are the prime factors of 460542628?
2, 7, 13, 101, 12527
List the prime factors of 77687730.
2, 3, 5, 863197
List the prime factors of 394860444.
2, 3, 11, 2991367
What are the prime factors of 76145175?
3, 5, 338423
List the prime factors of 37545494.
2, 7, 751, 3571
What are the prime factors of 142694343?
3, 11, 199, 7243
List the prime factors of 137143826.
2, 107, 640859
What are the prime factors of 36743567?
7, 5249081
What are the prime factors of 1111676352?
2, 3, 5789981
List the prime factors of 1708683829.
1708683829
List the prime factors of 3706319311.
17, 151, 193, 7481
List the prime factors of 35784787.
499, 71713
What are the prime factors of 632781558?
2, 3, 3906059
What are the prime factors of 153867722?
2, 239, 373, 863
List the prime factors of 68210223.
3, 89, 255469
What are the prime factors of 24414170?
2, 5, 11, 20177
What are the prime factors of 299187131?
17, 239, 73637
List the prime factors of 33110357.
7, 1933, 2447
What are the prime factors of 42493899?
3, 7, 19, 106501
What are the prime factors of 29576944?
2, 431, 4289
What are the prime factors of 758516199?
3, 7, 29, 191, 6521
List the prime factors of 8794433.
601, 14633
List the prime factors of 17575076.
2, 17, 19, 61, 223
What are the prime factors of 1417149174?
2, 3, 7, 41, 277, 2971
What are the prime factors of 1722700548?
2, 3, 71, 74887
List the prime factors of 524499449.
1223, 428863
What are the prime factors of 706065995?
5, 911, 155009
What are the prime factors of 133848808?
2, 2699, 6199
List the prime factors of 11844328.
2, 1480541
What are the prime factors of 2320853697?
3, 2113, 122041
What are the prime factors of 49267007?
79, 623633
List the prime factors of 225099572.
2, 56274893
List the prime factors of 5666242878.
2, 3, 23, 13686577
List the prime factors of 2263367565.
3, 5, 43, 131, 8929
List the prime factors of 85121982.
2, 3, 11, 47, 3049
List the prime factors of 76109909.
607, 125387
What are the prime factors of 1217977400?
2, 5, 317, 19211
What are the prime factors of 2965902247?
7, 11, 127, 303293
What are the prime factors of 5037930?
2, 3, 5, 47, 397
List the prime factors of 5031715704.
2, 3, 23, 9115427
List the prime factors of 958900797.
3, 19, 23, 243809
List the prime factors of 86521832.
2, 131, 82559
List the prime factors of 642648971.
613, 1048367
List the prime factors of 913358913.
3, 304452971
What are the prime factors of 1210142597?
1619, 747463
List the prime factors of 144629395.
5, 353, 81943
List the prime factors of 843760497.
3, 23, 47, 260179
What are the prime factors of 158409786?
2, 3, 23, 1147897
What are the prime factors of 513377025?
3, 5, 7, 977861
What are the prime factors of 1060909837?
13, 17, 369269
List the prime factors of 12397636.
2, 3099409
List the prime factors of 1991899246.
2, 61, 16327043
What are the prime factors of 1474345433?
11, 12184673
What are the prime factors of 205960474?
2, 17, 356333
List the prime factors of 865916899.
61, 151, 94009
What are the prime factors of 11251297?
17, 113, 5857
List the prime factors of 90929373.
3, 23, 1317817
What are the prime factors of 128937637?
37, 73, 47737
What are the prime factors of 44971773?
3, 7, 11, 194683
What are the prime factors of 65726572?
2, 31, 53, 73, 137
List the prime factors of 96861456.
2, 3, 43, 15643
What are the prime factors of 879261486?
2, 3, 2011, 72871
List the prime factors of 1514389874.
2, 23, 349, 94331
What are the prime factors of 27973372?
2, 7, 999049
List the prime factors of 199130359.
479, 415721
List the prime factors of 7925051.
461, 17191
What are the prime factors of 54305416?
2, 11, 617107
What are the prime factors of 5598738625?
5, 59, 311, 2441
What are the prime factors of 2725924?
2, 681481
What are the prime factors of 166574825?
5, 6662993
What are the prime factors of 27995231?
11, 2545021
List the prime factors of 1598556723.
3, 4391, 121351
What are the prime factors of 97709480?
2, 5, 11, 222067
What are the prime factors of 11719077?
3, 409, 9551
List the prime factors of 26864651.
11, 19, 173, 743
What are the prime factors of 41587674?
2, 3, 127, 54577
What are the prime factors of 564646365?
3, 5, 53, 236749
List the prime factors of 292427245.
5, 11, 401, 13259
What are the prime factors of 4318907243?
7, 14449, 42701
What are the prime factors of 6562946597?
59, 89, 124